70683 is divided by 1070670?
13
Calculate the remainder when 18472 is divided by 3668.
132
What is the remainder when 99349 is divided by 7?
5
Calculate the remainder when 5791 is divided by 209.
148
Calculate the remainder when 2539 is divided by 1267.
5
What is the remainder when 241993 is divided by 293?
268
Calculate the remainder when 36436 is divided by 289.
22
Calculate the remainder when 11126 is divided by 1386.
38
Calculate the remainder when 531039 is divided by 40.
39
What is the remainder when 3503 is divided by 7?
3
Calculate the remainder when 20575 is divided by 53.
11
What is the remainder when 2719 is divided by 1259?
201
What is the remainder when 239 is divided by 121?
118
Calculate the remainder when 2955 is divided by 1231.
493
Calculate the remainder when 5152796 is divided by 41.
39
What is the remainder when 93169 is divided by 11?
10
Calculate the remainder when 145974 is divided by 36488.
22
What is the remainder when 140 is divided by 129?
11
What is the remainder when 13717 is divided by 4438?
403
What is the remainder when 35393 is divided by 107?
83
Calculate the remainder when 5051 is divided by 22.
13
What is the remainder when 244768 is divided by 12?
4
Calculate the remainder when 588895 is divided by 1673.
1672
What is the remainder when 58924 is divided by 29457?
10
Calculate the remainder when 1394036 is divided by 10.
6
What is the remainder when 33576 is divided by 1199?
4
Calculate the remainder when 100001 is divided by 14.
13
Calculate the remainder when 19226 is divided by 1746.
20
What is the remainder when 2102 is divided by 499?
106
Calculate the remainder when 14991 is divided by 1152.
15
Calculate the remainder when 13503 is divided by 1352.
1335
What is the remainder when 9150 is divided by 218?
212
Calculate the remainder when 110115 is divided by 13763.
11
Calculate the remainder when 27113 is divided by 131.
127
What is the remainder when 70100 is divided by 70?
30
What is the remainder when 1038 is divided by 413?
212
Calculate the remainder when 3654 is divided by 454.
22
What is the remainder when 396 is divided by 129?
9
What is the remainder when 110082 is divided by 47?
8
Calculate the remainder when 4638 is divided by 817.
553
What is the remainder when 120916 is divided by 174?
160
What is the remainder when 77695 is divided by 57?
4
Calculate the remainder when 1148277 is divided by 15.
12
Calculate the remainder when 2397037 is divided by 380.
377
Calculate the remainder when 48000 is divided by 460.
160
What is the remainder when 123981 is divided by 62?
43
Calculate the remainder when 355 is divided by 341.
14
What is the remainder when 154947 is divided by 7746?
27
Calculate the remainder when 1985 is divided by 422.
297
What is the remainder when 4001 is divided by 485?
121
What is the remainder when 33929 is divided by 692?
21
Calculate the remainder when 1012316 is divided by 38.
34
What is the remainder when 61953 is divided by 26?
21
Calculate the remainder when 115722 is divided by 1430.
1322
Calculate the remainder when 2996 is divided by 158.
152
Calculate the remainder when 25286 is divided by 281.
277
What is the remainder when 42829 is divided by 28?
17
Calculate the remainder when 353824 is divided by 67.
64
What is the remainder when 406614 is divided by 548?
546
What is the remainder when 5377 is divided by 1783?
28
What is the remainder when 20683 is divided by 6?
1
What is the remainder when 1477 is divided by 201?
70
What is the remainder when 14139 is divided by 272?
267
Calculate the remainder when 76600 is divided by 15309.
55
Calculate the remainder when 59162 is divided by 14788.
10
Calculate the remainder when 252860 is divided by 53.
50
Calculate the remainder when 53938 is divided by 86.
16
What is the remainder when 27854 is divided by 15?
14
What is the remainder when 908495 is divided by 790?
785
What is the remainder when 25480 is divided by 57?
1
What is the remainder when 273 is divided by 266?
7
Calculate the remainder when 2108 is divided by 74.
36
Calculate the remainder when 25594 is divided by 18.
16
What is the remainder when 6336 is divided by 226?
8
What is the remainder when 8189 is divided by 484?
445
What is the remainder when 361328 is divided by 36?
32
Calculate the remainder when 839 is divided by 754.
85
What is the remainder when 28691 is divided by 318?
71
What is the remainder when 1976 is divided by 119?
72
What is the remainder when 165459 is divided by 22?
19
Calculate the remainder when 2802 is divided by 60.
42
Calculate the remainder when 2288 is divided by 36.
20
What is the remainder when 9667 is divided by 743?
8
What is the remainder when 1282 is divided by 5?
2
What is the remainder when 401 is divided by 10?
1
Calculate the remainder when 354160 is divided by 134.
132
What is the remainder when 176969 is divided by 26?
13
What is the remainder when 23433 is divided by 14?
11
Calculate the remainder when 17474 is divided by 603.
590
What is the remainder when 195230 is divided by 97613?
4
What is the remainder when 140077 is divided by 345?
7
Calculate the remainder when 1901 is divided by 850.
201
What is the remainder when 10209 is divided by 637?
17
Calculate the remainder when 1202 is divided by 59.
22
Calculate the remainder when 5184 is divided by 103.
34
Calculate the remainder when 95075 is divided by 31682.
29
What is the remainder when 2438 is divided by 1170?
98
What is the remainder when 5268 is divided by 303?
117
What is the remainder when 29443 is divided by 1842?
1813
What is the remainder when 1140 is divided by 15?
0
Calculate the remainder when 13841 is divided by 15.
11
What is the remainder when 1916 is divided by 861?
194
Calculate the remainder when 22574 is divided by 233.
206
Calculate the remainder when 40545 is divided by 20259.
27
Calculate the remainder when 15859 is divided by 479.
52
Calculate the remainder when 87675 is divided by 17534.
5
Calculate the remainder when 9878 is divided by 1130.
838
What is the remainder when 36080 is divided by 15?
5
What is the remainder when 1597268 is divided by 10?
8
What is the remainder when 1122 is divided by 329?
135
What is the remainder when 48000 is divided by 29?
5
Calculate the remainder when 750 is divided by 90.
30
Calculate the remainder when 8395 is divided by 931.
16
Calculate the remainder when 8246 is divided by 17.
1
What is the remainder when 49266 is divided by 2141?
23
What is the remainder when 36981 is divided by 36909?
72
Calculate the remainder when 656598 is divided by 43.
31
What is the remainder when 9658 is divided by 508?
6
Calculate the remainder when 2766091 is divided by 398.
389
Calculate the remainder when 411216 is divided by 437.
436
What is the remainder when 6100 is divided by 2768?
564
What is the remainder when 698 is divided by 378?
320
What is the remainder when 208042 is divided by 168?
58
What is the remainder when 26636 is divided by 1331?
16
Calculate the remainder when 68159 is divided by 40.
39
Calculate the remainder when 2778 is divided by 253.
248
What is the remainder when 8730 is divided by 393?
84
Calculate the remainder when 17903 is divided by 121.
116
Calculate the remainder when 72588 is divided by 9.
3
What is the remainder when 1704 is divided by 444?
372
What is the remainder when 20062 is divided by 12?
10
Calculate the remainder when 4322 is divided by 1369.
215
What is the remainder when 36482 is divided by 18232?
18
What is the remainder when 79578 is divided by 130?
18
Calculate the remainder when 8422 is divided by 67.
47
What is the remainder when 686 is divided by 366?
320
Calculate the remainder when 2044 is divided by 255.
4
Calculate the remainder when 1073 is divided by 62.
19
Calculate the remainder when 5308 is divided by 136.
4
What is the remainder when 549 is divided by 47?
32
Calculate the remainder when 9135 is divided by 509.
482
What is the remainder when 107574 is divided by 13?
12
What is the remainder when 12598 is divided by 1797?
19
What is the remainder when 23876 is divided by 7953?
17
What is the remainder when 5382 is divided by 122?
14
Calculate the remainder when 41648 is divided by 13870.
38
Calculate the remainder when 4963 is divided by 68.
67
What is th